t are the prime factors of 58159?
19, 3061
What are the prime factors of 134744?
2, 16843
What are the prime factors of 272537?
272537
List the prime factors of 203605.
5, 43, 947
List the prime factors of 722725.
5, 28909
List the prime factors of 232169.
7, 17, 1951
What are the prime factors of 380516?
2, 251, 379
What are the prime factors of 16851865?
5, 947, 3559
List the prime factors of 3343900.
2, 5, 7, 17, 281
List the prime factors of 1742232.
2, 3, 229, 317
What are the prime factors of 181334?
2, 71, 1277
What are the prime factors of 618700?
2, 5, 23, 269
List the prime factors of 8915945.
5, 1783189
List the prime factors of 328151.
17, 97, 199
List the prime factors of 16467990.
2, 3, 5, 7, 11, 7129
What are the prime factors of 4090932?
2, 3, 37879
What are the prime factors of 123644?
2, 30911
What are the prime factors of 2066614?
2, 11, 93937
What are the prime factors of 24223?
24223
What are the prime factors of 19382?
2, 11, 881
List the prime factors of 972495.
3, 5, 21611
What are the prime factors of 163169?
163169
List the prime factors of 479565.
3, 5, 10657
List the prime factors of 17921923.
17921923
What are the prime factors of 136076?
2, 34019
List the prime factors of 3031461.
3, 336829
What are the prime factors of 325450?
2, 5, 23, 283
What are the prime factors of 354216?
2, 3, 14759
List the prime factors of 955863.
3, 106207
What are the prime factors of 257293?
257293
List the prime factors of 1743061.
17, 102533
What are the prime factors of 2171856?
2, 3, 45247
What are the prime factors of 6262467?
3, 2087489
What are the prime factors of 86700?
2, 3, 5, 17
List the prime factors of 26091205.
5, 7, 211, 3533
List the prime factors of 5151792.
2, 3, 29, 3701
What are the prime factors of 16823797?
19, 439, 2017
What are the prime factors of 110201?
7, 13, 173
List the prime factors of 267623.
31, 89, 97
List the prime factors of 191488.
2, 11, 17
What are the prime factors of 697569?
3, 232523
List the prime factors of 74520.
2, 3, 5, 23
List the prime factors of 6082600.
2, 5, 17, 1789
List the prime factors of 5551446.
2, 3, 925241
What are the prime factors of 1704502?
2, 47, 18133
What are the prime factors of 3167?
3167
List the prime factors of 17720113.
619, 28627
What are the prime factors of 687911?
7, 101, 139
List the prime factors of 1359688.
2, 11, 15451
List the prime factors of 61818.
2, 3, 10303
List the prime factors of 1592353.
7, 32497
List the prime factors of 5912132.
2, 1478033
What are the prime factors of 5064334?
2, 11, 17, 1231
List the prime factors of 380387.
7, 1109
What are the prime factors of 9068955?
3, 5, 7, 86371
What are the prime factors of 3328221?
3, 13, 61, 1399
What are the prime factors of 16937128?
2, 13, 149, 1093
What are the prime factors of 13836260?
2, 5, 691813
What are the prime factors of 35680?
2, 5, 223
What are the prime factors of 7094243?
13, 545711
List the prime factors of 1126643.
7, 19, 43, 197
What are the prime factors of 3095?
5, 619
What are the prime factors of 842591?
41, 20551
What are the prime factors of 469052?
2, 149, 787
What are the prime factors of 8895595?
5, 23, 103, 751
What are the prime factors of 1528582?
2, 11, 69481
What are the prime factors of 1818977?
1818977
List the prime factors of 2196023.
109, 20147
List the prime factors of 1351974.
2, 3, 13, 17333
List the prime factors of 8792154.
2, 3, 7, 69779
List the prime factors of 207548.
2, 11, 53, 89
What are the prime factors of 7033512?
2, 3, 17, 17239
List the prime factors of 855037.
61, 107, 131
List the prime factors of 14055991.
17, 19, 43517
List the prime factors of 3205142.
2, 23, 69677
List the prime factors of 827498.
2, 7, 59107
List the prime factors of 6080594.
2, 13, 17, 13757
What are the prime factors of 176220?
2, 3, 5, 11, 89
What are the prime factors of 237805?
5, 199, 239
List the prime factors of 1429503.
3, 19, 31, 809
List the prime factors of 6899716.
2, 1724929
List the prime factors of 3181804.
2, 79, 10069
What are the prime factors of 364798?
2, 7, 71, 367
List the prime factors of 262610.
2, 5, 26261
List the prime factors of 1723470.
2, 3, 5, 7, 29, 283
List the prime factors of 691041.
3, 13, 29, 47
What are the prime factors of 33480?
2, 3, 5, 31
What are the prime factors of 18773386?
2, 379, 24767
List the prime factors of 1376690.
2, 5, 7, 71, 277
What are the prime factors of 3212822?
2, 991, 1621
What are the prime factors of 7105506?
2, 3, 19, 157, 397
List the prime factors of 14782948.
2, 3695737
List the prime factors of 4944861.
3, 373, 491
List the prime factors of 5361236.
2, 157, 8537
List the prime factors of 1122596.
2, 19, 14771
What are the prime factors of 5937398?
2, 563, 5273
What are the prime factors of 248550?
2, 3, 5, 1657
What are the prime factors of 324867?
3, 108289
What are the prime factors of 75031?
11, 19, 359
What are the prime factors of 37503?
3, 463
What are the prime factors of 12970436?
2, 23, 140983
What are the prime factors of 11002868?
2, 263, 10459
What are the prime factors of 31548884?
2, 7887221
List the prime factors of 357916.
2, 13, 6883
What are the prime factors of 114195?
3, 5, 23, 331
What are the prime factors of 7970762?
2, 37, 107713
List the prime factors of 449704.
2, 67, 839
List the prime factors of 4435925.
5, 13, 13649
What are the prime factors of 218909?
17, 79, 163
What are the prime factors of 301293?
3, 11159
List the prime factors of 788171.
17, 71, 653
What are the prime factors of 878973?
3, 67, 4373
What are the prime factors of 4187758?
2, 239, 8761
List the prime factors of 1894672.
2, 13, 9109
List the prime factors of 4599677.
4599677
What are the prime factors of 17300160?
2, 3, 5, 6007
What are the prime factors of 3292774?
2, 1646387
What are the prime factors of 838376?
2, 7, 11, 1361
List the prime factors of 10958630.
2, 5, 19, 137, 421
List the prime factors of 144815.
5, 11, 2633
What are the prime factors of 14097345?
3, 5, 939823
List the prime factors of 3209820.
2, 3, 5, 61, 877
List the prime factors of 4832037.
3, 7, 10957
What are the prime factors of 13185517?
29, 454673
What are the prime factors of 9196744?
2, 1149593
What are the prime factors of 4179505?
5, 11, 75991
What are the prime factors of 347498?
2, 293, 593
What are the prime factors of 358219?
358219
List the prime factors of 12354260.
2, 5, 557, 1109
List the prime factors of 11977462.
2, 7, 122219
What are the prime factors of 1785381?
3, 13, 45779
List the prime factors of 2441719.
7, 49831
List the prime factors of 238897.
238897
List the prime factors of 220526.
2, 71, 1553
What are the prime factors of 10150924?
2, 7, 43, 8431
What are the prime factors of 3784271?
3784271
List the prime factors of 819434.
2, 7, 11, 17, 313
List the prime factors of 1921590.
2, 3, 5, 11, 647
What are the prime factors of 40612830?
2, 3, 5, 17, 79633
What are the prime factors of 215124?
2, 3, 7, 13, 197
List the prime factors of 18256.
2, 7, 163
What are the prime factors of 32010085?
5, 1549, 4133
List the prime factors of 10723547.
983, 10909
What are the prime factors of 3009128?
2, 47, 53, 151
List the prime factors of 2010211.
7, 287173
List the prime factors of 7791306.
2, 3, 1298551
List the prime factors of 3384988.
2, 846247
List the prime factors of 398146.
2, 7, 28439
List the prime factors of 2441665.
5, 488333
What are the prime factors of 2996007?
3, 7, 89, 229
List the prime factors of 3223968.
2, 3, 11, 43, 71
What are the prime factors of 108712?
2, 107, 127
What are the prime factors of 679024?
2, 31, 37
List the prime factors of 689325.
3, 5, 7, 13, 101
List the prime factors of 40416814.
2, 3163, 6389
List the prime factors of 344802.
2, 3, 57467
List the prime factors of 904300.
2, 5, 9043
List the prime factors of 2054131.
2054131
What are the prime factors of 471252?
2, 3, 173, 227
What are the prime factors of 1347715?
5, 269543
What are the prime factors of 4815998?
2, 11, 17, 79, 163
List the prime factors of 10713973.
10713973
What are the prime factors of 2703509?
1483, 1823
List the prime factors of 175431.
3, 58477
What are the prime factors of 19681526?
2, 9840763
List the prime factors of 143868.
2, 3, 19, 631
List the prime factors of 228553.
13, 17581
Li